are the prime factors of 14?
2, 7
What are the prime factors of 4976?
2, 311
What are the prime factors of 137300?
2, 5, 1373
List the prime factors of 10003.
7, 1429
List the prime factors of 1040.
2, 5, 13
What are the prime factors of 135?
3, 5
List the prime factors of 89457.
3, 29819
List the prime factors of 46661.
29, 1609
List the prime factors of 5454.
2, 3, 101
What are the prime factors of 37049?
37049
What are the prime factors of 618?
2, 3, 103
What are the prime factors of 17913?
3, 7, 853
What are the prime factors of 55432?
2, 13, 41
What are the prime factors of 113581?
13, 8737
What are the prime factors of 1943?
29, 67
List the prime factors of 15627.
3, 5209
What are the prime factors of 169?
13
List the prime factors of 8222.
2, 4111
What are the prime factors of 11975?
5, 479
What are the prime factors of 14335?
5, 47, 61
What are the prime factors of 5872?
2, 367
What are the prime factors of 57137?
17, 3361
What are the prime factors of 2149?
7, 307
List the prime factors of 56129.
37, 41
List the prime factors of 53521.
13, 23, 179
List the prime factors of 30664.
2, 3833
List the prime factors of 2719.
2719
What are the prime factors of 44048?
2, 2753
List the prime factors of 38539.
17, 2267
What are the prime factors of 17518?
2, 19, 461
List the prime factors of 29692.
2, 13, 571
What are the prime factors of 115395?
3, 5, 7, 157
What are the prime factors of 17078?
2, 8539
What are the prime factors of 1289?
1289
What are the prime factors of 1934?
2, 967
What are the prime factors of 6274?
2, 3137
What are the prime factors of 1188?
2, 3, 11
What are the prime factors of 21600?
2, 3, 5
List the prime factors of 4123.
7, 19, 31
What are the prime factors of 784?
2, 7
List the prime factors of 1873.
1873
What are the prime factors of 2525?
5, 101
List the prime factors of 7624.
2, 953
What are the prime factors of 8844?
2, 3, 11, 67
List the prime factors of 14635.
5, 2927
List the prime factors of 21016.
2, 37, 71
List the prime factors of 12391.
12391
List the prime factors of 8523.
3, 947
List the prime factors of 3227.
7, 461
What are the prime factors of 1298?
2, 11, 59
List the prime factors of 6790.
2, 5, 7, 97
What are the prime factors of 5040?
2, 3, 5, 7
What are the prime factors of 83?
83
What are the prime factors of 645?
3, 5, 43
What are the prime factors of 27369?
3, 3041
List the prime factors of 59697.
3, 11, 67
List the prime factors of 1345.
5, 269
What are the prime factors of 6663?
3, 2221
List the prime factors of 1962.
2, 3, 109
List the prime factors of 1077.
3, 359
List the prime factors of 53672.
2, 6709
What are the prime factors of 1142?
2, 571
List the prime factors of 19820.
2, 5, 991
List the prime factors of 572.
2, 11, 13
List the prime factors of 44812.
2, 17, 659
What are the prime factors of 624?
2, 3, 13
List the prime factors of 20382.
2, 3, 43, 79
List the prime factors of 3658.
2, 31, 59
List the prime factors of 1503.
3, 167
What are the prime factors of 27646?
2, 23, 601
List the prime factors of 6099.
3, 19, 107
List the prime factors of 5826.
2, 3, 971
List the prime factors of 610.
2, 5, 61
What are the prime factors of 1097?
1097
What are the prime factors of 1381?
1381
What are the prime factors of 8439?
3, 29, 97
List the prime factors of 2256.
2, 3, 47
List the prime factors of 11414.
2, 13, 439
What are the prime factors of 48923?
7, 29, 241
List the prime factors of 1400.
2, 5, 7
What are the prime factors of 6150?
2, 3, 5, 41
List the prime factors of 7011.
3, 19, 41
What are the prime factors of 53705?
5, 23, 467
What are the prime factors of 48043?
107, 449
What are the prime factors of 4365?
3, 5, 97
What are the prime factors of 24450?
2, 3, 5, 163
What are the prime factors of 207?
3, 23
What are the prime factors of 2206?
2, 1103
What are the prime factors of 10086?
2, 3, 41
What are the prime factors of 13564?
2, 3391
List the prime factors of 80250.
2, 3, 5, 107
List the prime factors of 21034.
2, 13, 809
What are the prime factors of 3450?
2, 3, 5, 23
List the prime factors of 58256.
2, 11, 331
List the prime factors of 11955.
3, 5, 797
What are the prime factors of 1740?
2, 3, 5, 29
What are the prime factors of 1542?
2, 3, 257
List the prime factors of 351.
3, 13
List the prime factors of 435.
3, 5, 29
List the prime factors of 852.
2, 3, 71
List the prime factors of 2544.
2, 3, 53
What are the prime factors of 4430?
2, 5, 443
What are the prime factors of 1385?
5, 277
List the prime factors of 1453.
1453
What are the prime factors of 5163?
3, 1721
List the prime factors of 31851.
3, 3539
List the prime factors of 3848.
2, 13, 37
List the prime factors of 1581.
3, 17, 31
What are the prime factors of 480?
2, 3, 5
What are the prime factors of 576?
2, 3
List the prime factors of 501.
3, 167
What are the prime factors of 169?
13
What are the prime factors of 26385?
3, 5, 1759
List the prime factors of 63468.
2, 3, 41, 43
What are the prime factors of 2435?
5, 487
List the prime factors of 9005.
5, 1801
List the prime factors of 7116.
2, 3, 593
What are the prime factors of 26564?
2, 29, 229
What are the prime factors of 5212?
2, 1303
What are the prime factors of 6688?
2, 11, 19
List the prime factors of 2223.
3, 13, 19
List the prime factors of 1185.
3, 5, 79
What are the prime factors of 87?
3, 29
What are the prime factors of 104578?
2, 52289
List the prime factors of 43864.
2, 5483
List the prime factors of 40954.
2, 20477
What are the prime factors of 10818?
2, 3, 601
List the prime factors of 1629.
3, 181
List the prime factors of 2848.
2, 89
What are the prime factors of 1595?
5, 11, 29
List the prime factors of 1985.
5, 397
List the prime factors of 86291.
86291
List the prime factors of 736.
2, 23
List the prime factors of 9560.
2, 5, 239
What are the prime factors of 1945?
5, 389
What are the prime factors of 4605?
3, 5, 307
List the prime factors of 445.
5, 89
What are the prime factors of 254?
2, 127
What are the prime factors of 3317?
31, 107
What are the prime factors of 14172?
2, 3, 1181
What are the prime factors of 5673?
3, 31, 61
What are the prime factors of 52907?
191, 277
List the prime factors of 13571.
41, 331
List the prime factors of 496.
2, 31
What are the prime factors of 10129?
7, 1447
What are the prime factors of 2462?
2, 1231
What are the prime factors of 113016?
2, 3, 17, 277
What are the prime factors of 98392?
2, 7, 251
List the prime factors of 1150.
2, 5, 23
What are the prime factors of 1189?
29, 41
What are the prime factors of 15088?
2, 23, 41
What are the prime factors of 797?
797
What are the prime factors of 428?
2, 107
List the prime factors of 7404.
2, 3, 617
List the prime factors of 1669.
1669
List the prime factors of 654.
2, 3, 109
What are the prime factors of 5999?
7, 857
List the prime factors of 6699.
3, 7, 11, 29
What are the prime factors of 496?
2, 31
What are the prime factors of 9759?
3, 3253
What are the prime factors of 94916?
2, 61, 389
What are the prime factors of 1378?
2, 13, 53
What are the prime factors of 53008?
2, 3313
List the prime factors of 3418.
2, 1709
List the prime factors of 1093.
1093
What are the prime factors of 129477?
3, 43159
List the prime factors of 2925.
3, 5, 13
List the prime factors of 71935.
5, 14387
List the prime factors of 84.
2, 3, 7
What are the prime factors of 1149?
3, 383
List the prime factors of 776.
2, 97
What are the prime factors of 37541?
7, 31, 173
List the prime factors of 13748.
2, 7, 491
What are the prime factors of 3749?
23, 163
What are the prime factors of 51881?
29, 1789
What are the prime factors of 4879?
7, 17, 41
List the prime factors of 217.
7, 31
What are the prime factors of 5096?
2, 7, 13
List the prime factors of 121623.
3, 71, 571
List the prime factors of 27875.
5, 223
List the prime factors of 89095.
5, 103, 173
What are the prime factors of 1540?
2, 5, 7, 11
List the prime factors of 5491.
17, 19
List the prime factors of 983.
983
List the prime factors of 469.
7, 67
What are the prime factors of 5972?
2, 1493
What are the prime factors of 7482?
2, 3, 29, 43
What are the prime factors of 84244?
2, 21061
What are the prime factors of 132699?
3, 7, 71, 89
List the prime factors of 39553.
37, 1069
What are the prime factors of 71